. Let q(s) = -k*s - 22 + 35*s - 2 - 3. What is the tens digit of q(-13)?
0
Suppose -286320 = -6*j - 1362. What is the units digit of (-10)/25 + j/45?
5
Let b = -91 + 104. Suppose -b*s + 4*s + 3375 = 0. What is the hundreds digit of s?
3
What is the hundreds digit of (-209148)/(-27) + (-76)/342?
7
Let a(b) = -4783*b - 297. What is the hundreds digit of a(-6)?
4
Let h(p) = 150*p - 51. What is the units digit of h(63)?
9
Let y = -45 + 51. Let l = -7 + y. What is the tens digit of ((-378)/(-30))/(l/(-5)) - 1?
6
Let h(f) = 7*f - 19. Let z(d) = -3*d + 9. Let i(m) = -2*h(m) - 5*z(m). Let k be i(7). Suppose 2*l = -3*v + 81, -4*v + k*v + 38 = l. What is the tens digit of l?
4
What is the tens digit of (480/24 - 28)*(2967/(-2) + -1)?
7
Let v be 64 - (-1 - 0)*(-2)/(-1). Let u = -66 + v. What is the tens digit of 2057/11 - (u - 1)?
8
Suppose -20*q + 8*q - 406754 = -41*q. What is the thousands digit of q?
4
Suppose -12*a + 6*a = -28680. Suppose i + a = 11*i. Let v = -269 + i. What is the units digit of v?
9
Suppose 103590 = 9*t + 38266 - 55375. What is the thousands digit of t?
3
Let y = 163 + -183. What is the tens digit of y + 24 + (-1 - -644)?
4
Suppose -2*j - 39824 = -3*n, n - 4*j = 4*n - 39800. What is the hundreds digit of n?
2
Suppose -5 = 2*h + 3*k + 2, 3*k - 3 = 3*h. Let l be h/(-11) + (-194)/(-22). Suppose -5*z - l*z + 420 = 0. What is the units digit of z?
0
Suppose 4*x - 4*k - 6 - 2 = 0, -k - 10 = -5*x. Suppose -75 = x*u + 65. What is the hundreds digit of (-168)/u*85/2?
1
Suppose w - 8 = -z, -w + 8*z = 4*z + 2. Let f be (w/12)/(2/1192). Suppose -f = -3*x + 5*r, x - 3*r = -0*x + 94. What is the hundreds digit of x?
1
Let m(j) = j**2 + 8*j - 2. Let k be m(-10). Let b = 15 - k. Let q(v) = -6*v**3 + 3*v**2 - 6*v - 7. What is the hundreds digit of q(b)?
2
Let q be (-1 - 2/(-4))*0. Suppose 6*p - 7 - 17 = 0. Suppose -p*r + 5*o + q*o = -122, o - 167 = -5*r. What is the tens digit of r?
3
Let n be -3*305/(-135) - (-2)/9. Let o(v) = -v**2 + 6*v + 17. Let r be o(n). Suppose -858 = -r*y - 3*y. What is the units digit of y?
6
Let q = 17884 - 3901. What is the thousands digit of q?
3
Suppose 5*q - 22 = -12. Let j be (q - 5 - -4)*0. Suppose -4*f + j*f = -3*x - 169, 4*x - 47 = -f. What is the tens digit of f?
4
What is the tens digit of (-42)/(-84)*((406990 + -1)/3 + -1)?
3
Suppose -941 = -2*t - 4*a - a, 3*t = 5*a + 1449. Let r = t - 139. What is the units digit of r?
9
Suppose -2*k + 22146 = 4*u, 4*u - 233 + 257 = 0. What is the ten thousands digit of k?
1
Let q(v) = -78*v + 52. Let y = -107 - -102. What is the tens digit of q(y)?
4
Let r(f) be the first derivative of 26*f**3/3 - 7*f**2/2 + 8*f + 220. What is the tens digit of r(6)?
0
Let c(g) = -2*g + 29. Let f be c(11). Suppose -f*l + 1076 = -590. What is the hundreds digit of l?
2
Let k = -243 - -237. What is the units digit of (-218)/(34/k + 5)?
7
Let f(v) = -5*v**3 - 5*v**2 - 25*v + 44. Let l(x) = -7*x**3 - 5*x**2 - 25*x + 44. Let p(j) = 4*f(j) - 3*l(j). What is the units digit of p(9)?
3
Suppose -3*i + 358386 = 20*i. What is the tens digit of (-2)/(-16)*-2 + i/24?
4
Let s(h) = h**2 + 8*h + 12. Let v be s(-6). Suppose 7*i - 4*i - 24 = v. Suppose i*d + d = 630. What is the tens digit of d?
7
Suppose 4*y = b + 354838, 248*y + 443547 = 253*y - b. What is the hundreds digit of y?
7
Let o = -81 - -82. What is the units digit of 0/(-2) + o + 207/3?
0
Let b = 107 + 1917. What is the units digit of b?
4
Let f(i) = 16*i - 269. Let q be f(17). Suppose -4*a + 2*w = -q*w - 848, w = -2*a + 424. What is the units digit of a?
2
Suppose 8610 = 4*a + 2*c, 17*a + 10830 = 22*a - 5*c. What is the units digit of a?
7
Suppose -28*y + 342301 = 140250 - 232565. What is the ten thousands digit of y?
1
Let t be (-216)/(-135) + (-4)/(-10). Suppose -4*r = -t*r - 292. What is the tens digit of (3 - 1)/(-2) + r?
4
Let q(h) = -30*h**2 - 25*h + 66. Let m be q(12). What is the tens digit of ((-8)/6)/(22/m)?
7
Suppose 5*l + 18 - 33 = 0. Suppose 0*d = -l*j + 2*d + 469, 4*j - 3*d - 626 = 0. What is the tens digit of j?
5
Suppose 33*w + 75218 = -26*w + 70*w. What is the tens digit of w?
3
Let j = 29 + -26. Suppose 0 = j*l - 123 - 864. What is the tens digit of l?
2
Suppose -228662 = -5*d + h, -30*d - 182889 = -34*d - 5*h. What is the hundreds digit of d?
7
Let w = -36496 - -63253. What is the ten thousands digit of w?
2
Let n(b) = -b**3 + 10*b**2 + 7*b - 23. Let m be n(11). What is the tens digit of 3931/4 - m/268?
8
Let o be ((-2794)/33 + 6)*6/(-4). Suppose -o*n + 122*n = 1716. What is the hundreds digit of n?
4
Let d be -100 + 9 - (-3 + 1). Let q = -83 - d. What is the units digit of 312*((-2)/8)/(q/(-16))?
8
Suppose -3*z - 12*h + 9*h + 2619 = 0, h - 2 = 0. What is the hundreds digit of z?
8
Let h(s) = -122*s + 57. Let z be h(-2). Let n = z + 407. What is the units digit of n?
8
Let i = -149 + 310. Suppose -5*o = -3*q + 1173, 2*q + i - 943 = 5*o. What is the tens digit of q?
9
Let h(v) = -v**3 + 13*v**2 + 10*v + 12. Let z be (-2 - -3)/((-7)/(-56)). What is the tens digit of h(z)?
1
Let m(i) be the third derivative of 2/3*i**3 + 0*i - 3/20*i**5 + 1/120*i**6 + 5/12*i**4 + 0 + 13*i**2. What is the tens digit of m(9)?
9
Suppose w = -2*w - 4*o - 74, -w - 4*o = 30. Let j = w + 24. Suppose j*c - 840 = -2*c. What is the tens digit of c?
1
Suppose 3*b + 4 = 5*b. Suppose 5*n - 969 = b*n. Let v = 485 - n. What is the hundreds digit of v?
1
Suppose 4*w - 4*m = -6*m + 54, -w - 4*m + 3 = 0. Let l be (10/w)/((-2)/(-27)). Suppose -l*g = -2*g - 1491. What is the hundreds digit of g?
2
Let j(r) = 451*r + 41. What is the units digit of j(13)?
4
Let t(a) = 18*a**2 + 1716*a - 1719*a - 18 + 0*a**3 - a**3. What is the tens digit of t(15)?
1
Suppose -2 = -6*x + 7*x. What is the hundreds digit of -10 + 6 + x + 860?
8
Suppose 114*d - 146*d = -435072. What is the ten thousands digit of d?
1
Let o = -25 - -28. Suppose 10 = h - 3*g + 1, 4*h + o*g = -9. Suppose -l - 4*u + 60 = -105, 3*l - 5*u - 478 = h. What is the hundreds digit of l?
1
Suppose 57 = 5*s + 4*y - 5*y, -4*y - 63 = -5*s. Suppose 0 = 30*c + s*c - 16646. What is the hundreds digit of c?
4
Let w(b) = 33 + 32*b - 68 + 34. Let d be w(7). Let x = 389 - d. What is the tens digit of x?
6
Suppose m + 6*r = 7*r + 12376, 0 = 4*m + 4*r - 49536. What is the units digit of m?
0
Let o = 18 - 32. Let c(r) = 2*r - 28. Let i be c(o). Let j = 121 + i. What is the tens digit of j?
6
Suppose -39766 = -7*v + 4*v + 4*p, -66315 = -5*v - p. What is the ten thousands digit of v?
1
Suppose -g - d = -3, -2*g + 5 = d - 5. Let k(z) = 6*z**3 - 30*z**2 + 5*z - 7. What is the units digit of k(g)?
6
Let b(n) = 3*n**3 - 18*n**2 - 19*n - 19. What is the units digit of b(15)?
1
Suppose 5*j + 0 - 7 = -y, -7 = -y + 2*j. Suppose -y*x = -1752 + 527. What is the hundreds digit of x + (-1 - -3) + -1 + -2?
1
What is the units digit of (-2969)/(87/11 + -8)?
9
Let p = 282 + 13700. What is the units digit of p?
2
Suppose -4*q = -2*i + 26606, 5*q = -i + 9*q + 13313. What is the hundreds digit of i?
2
Let v = 404 - 393. Let r(t) = 3*t**2 - 32*t - 9. What is the units digit of r(v)?
2
Let n be (-1)/(-4) + (-502)/(-8). Suppose 4*z - 355 = -n. Let x = z + -15. What is the tens digit of x?
5
Let d = 153 - 151. Suppose d*s - 3*p = 109, 3*s = 5*p - 7*p + 170. What is the units digit of s?
6
Let m = 621 - 16. Suppose -m - 391 = -6*c. What is the tens digit of c?
6
Let k(p) = 2*p - 2. Let x be k(3). Suppose c + 21*w = 20*w + 193, -5*w - 393 = -2*c. Suppose -15 = 3*l, -x*l + 18 = -3*n + c. What is the tens digit of n?
5
Let o = -40 + 47. Suppose -591 - 2580 = -o*v. What is the hundreds digit of v?
4
Suppose 3*q + 5*y - 5 = -15, y = -q - 2. Suppose q = -18*d + 722 + 9052. What is the hundreds digit of d?
5
Let q = -124 - 51. Let w = q - 254. What is the units digit of ((-4)/(-6))/((-22)/w)?
3
Let w(u) = u**2 - 20*u - 18. Let b be w(21). Let v be b - (-2 + 0/4). Suppose c + 0*f - 72 = -v*f, 0 = c - f - 96. What is the tens digit of c?
9
Let f be (6 - 3) + (-9 - -4). What is the tens digit of -1 - -3 - (f - -4)*-202?
0
Let m(v) = -v**2 - 15*v + 56. Let k be m(-26). Let u = 516 + k. What is the units digit of u?
6
Let d = 62 - 59. Suppose -5*s = d*z - 6*z + 70, 0 = 5*z - 25. Let g = s - -60. What is the units digit of g?
9
Let i be (-2 + 8/5)*100. Let w be (5